r of t and f.
18
Let w(x) = -10*x + 5. Let f be w(-7). What is the greatest common divisor of f and 25?
25
Let z(h) = -13*h + 24. Let u be z(-10). Let a(q) = 3*q - 4. Let r be a(6). Calculate the greatest common factor of u and r.
14
Let y = -3 - -5. Suppose 3*b - 45 = m + 2*m, 0 = -m - y. What is the highest common divisor of b and 52?
13
Let j(h) = h**2 + 4*h. Let c be j(-8). Calculate the greatest common divisor of 8 and c.
8
Let l be 6/(-4)*10/(-3). Suppose -3*w = -w - l*n - 17, -5*w - 4*n = -59. What is the greatest common divisor of 33 and w?
11
Suppose 2*t - 12 - 6 = 0. Let h = -8 - -7. Let o = h + 4. What is the greatest common divisor of o and t?
3
Let i be 6/(-6) - -1 - -11. What is the greatest common divisor of 77 and i?
11
Let m = 13 - -3. Calculate the highest common factor of 16 and m.
16
Let j = -4 - -7. Let f be 2*(j + 1 + 0). Let w be 10/25 - f/(-5). What is the greatest common divisor of 10 and w?
2
Suppose -3*w - 2*q = -16, -4*w + 3*q = w - 52. Calculate the greatest common divisor of w and 12.
4
Suppose 4*p - 190 = -d, -4*d = 5*p + d - 230. What is the highest common divisor of 240 and p?
48
Let n = -29 + 57. Let b be (1/3)/(7/147). Calculate the highest common divisor of b and n.
7
Let h(j) = -5*j**3 + 3*j**2 + 3*j + 2. Suppose 0 = u + 2 + 2. Let g be -2 + (u + 3 - -1). Let o be h(g). What is the greatest common divisor of 6 and o?
6
Let k(g) = -1 + g**3 - g**3 + g**3 - g - g**2 + 0*g**3. Let b be k(2). What is the highest common divisor of b and 11?
1
Let d(w) be the second derivative of -2*w**3 + 2*w. Let j be d(1). Let b be j/(-8) + 98/4. What is the highest common factor of 65 and b?
13
Let r(g) = -3*g - 5. Let w be r(4). Let t = w - -29. What is the highest common factor of 18 and t?
6
Let m = -6 + 0. Let f be 260/22 + m/(-33). What is the greatest common divisor of f and 3?
3
Let n = -17 - -33. Calculate the greatest common factor of n and 16.
16
Let f = -19 + 29. Suppose s + 0*s = f. What is the highest common divisor of s and 5?
5
Let d = 14 + -6. What is the greatest common factor of 16 and d?
8
Suppose -26*j = -29*j + 276. Suppose 2 = o - 3. Suppose 4*m = m - w + j, -140 = -o*m - 5*w. What is the highest common divisor of m and 4?
4
Let q(m) = 3*m**2 - 5*m - 1. Let n be q(4). Let i = 3 - 3. Let r be (0 + 3)/(i + 1). Calculate the highest common factor of n and r.
3
Let h be 87/12 - (-1)/(-4). Let v be ((-10)/h)/((-3)/21). Calculate the greatest common divisor of 70 and v.
10
Let t(j) = j**3 - 5*j**2 - 3*j + 2. Let u be t(-3). Let n = 164 - u. Calculate the highest common factor of 25 and n.
25
Let p = -41 - -62. Calculate the greatest common factor of p and 3.
3
Suppose -r + 172 = -2*n, -4*r + 5*r + 4*n = 160. Let j be ((-18)/(-1))/((-6)/(-8)). Calculate the highest common factor of j and r.
24
Suppose 5*p - 179 = -3*k, 161 = 5*p - 0*k - 3*k. Let q(z) = 10*z**3 + 4*z - 3. Let c be q(2). What is the greatest common factor of p and c?
17
Let q be ((-38)/(-4))/(2/20). Let g = -1 + 5. Suppose -g*a + 8*c - 3*c + 167 = 0, 4*c - 26 = -a. Calculate the greatest common factor of q and a.
19
Let d be (-1 + 2)/(2/(-18)). Let z be (-880)/d + 8/36. What is the greatest common factor of z and 14?
14
Let b(y) be the first derivative of -y**4/2 - 7*y**3/3 + 2*y + 1. Let f be b(-5). Calculate the greatest common factor of 11 and f.
11
Suppose 202 = -13*b + 1346. Let z be -2 + (-2 - (-3 + 0)). Let t be (0 - 11)/z - 0. What is the greatest common factor of t and b?
11
Suppose 8*l = -l + 504. What is the greatest common divisor of 14 and l?
14
Let t = -3 + 3. Suppose -3*q + 5*q - 392 = t. What is the highest common factor of q and 28?
28
Suppose -3*n = -1 - 8. Suppose 5 + 16 = n*t. Calculate the highest common divisor of t and 77.
7
Suppose -3*r - 6 = -5*r. Suppose 0 = x + 4*t - 5 + 3, 5*x + 5*t = 10. Suppose -x*b + r*b + v - 4 = 0, b = 5*v + 4. What is the highest common factor of b and 1?
1
Let m = -62 - -118. Calculate the greatest common divisor of 8 and m.
8
Let f be (2*(-5)/(-2))/(-1). Let d = f + 3. Let h be (-84)/(-2) - (-4)/d. Calculate the greatest common divisor of 16 and h.
8
Let l = 0 - -2. Suppose 17 = -h + l*h. Calculate the highest common factor of 17 and h.
17
Suppose -6*m - 16 = -2*m. Let v = -4 - m. Suppose f - 3*f + i = -22, v = f - 5*i - 29. Calculate the greatest common factor of f and 72.
9
Let p(r) = -2*r**2 + 5*r + 2. Let n be p(2). Let b(o) = 2*o - 8. Let u be b(7). Calculate the greatest common factor of n and u.
2
Let q = -7 + 31. What is the greatest common factor of 36 and q?
12
Let h = -8 + 20. Let w(d) = -d - 2. Let l be w(-5). Suppose -4*i - 3*v = -495, -l*v + 236 + 19 = 2*i. What is the highest common factor of i and h?
12
Suppose -61 = -3*a + 191. Suppose -3*j - 23 = -107. What is the greatest common divisor of a and j?
28
Suppose -4*k = -4*h - 88, -5*k - 2*h + 44 = -3*k. Let b(v) = 10*v - 5. Let c be b(6). What is the highest common divisor of c and k?
11
Suppose 3*t - 5 = -23. Let n be 748/6*(-9)/t. Calculate the greatest common factor of 17 and n.
17
Let q(n) = -n - 10. Let t be q(-11). Let u be -3 - -1 - (t - 4). Calculate the greatest common factor of u and 1.
1
Let v be 57/6 + (-2)/(-4). Suppose -i = -0*i - 6. Let a = 4 + i. Calculate the highest common divisor of v and a.
10
Let c be 82/4 + (-8)/16. Suppose -2*s = -2*g - c, 21 + 5 = 3*s + g. Calculate the greatest common factor of s and 36.
9
Suppose 30 = 5*v - 35. What is the greatest common factor of v and 65?
13
Let m be (-2)/(-3) - (-31)/3. Suppose 4*s + m = -5, -s - 84 = -5*d. What is the greatest common divisor of d and 80?
16
Let v(z) = z**3 + 2*z**2 + 2. Let p be v(-4). Let r = 14 + p. Let x = 28 + r. What is the greatest common factor of 84 and x?
12
Suppose -5*o - 65 = -15. Let a = 70 - o. What is the greatest common factor of 10 and a?
10
Let s(t) = -32*t**3 + t**2 - 2. Let q be s(2). Let m be 4/(-12) - q/6. What is the greatest common divisor of 6 and m?
6
Let g(j) = j**3 + 2*j - 2. Let k be g(2). Let d(p) = -p**3 + 11*p**2 - 7*p - 9. Let m be d(k). What is the greatest common divisor of 3 and m?
3
Suppose -17 = -5*r + 143. Suppose 0*d - 8 = -3*d + l, -5*l + 20 = 0. Calculate the greatest common factor of r and d.
4
Suppose -z = -3*g + 13, -8 = -5*g + 5*z + 7. Calculate the highest common divisor of 5 and g.
5
Let c = -20 + 22. What is the highest common factor of c and 22?
2
Suppose 5*h = h + 56. Let i = h + -4. Suppose -x = x - 40. What is the highest common divisor of x and i?
10
Suppose 31*b - 29*b - 72 = 0. What is the greatest common factor of 180 and b?
36
Let p be ((-40)/28)/(3/(-42)). What is the greatest common factor of p and 20?
20
Let i = -47 + 97. Let g be (28/(-6) - -3)*-6. What is the greatest common divisor of g and i?
10
Suppose 3*m - 2*d - 90 = 0, -m - d - 10 = -40. Let v be ((-8)/6)/((-4)/m). Let z be 0 + 92/1 + -2. Calculate the greatest common divisor of v and z.
10
Suppose -r + 0 + 1 = 0. Let y(n) = -57*n + 1. Let t(c) = 56*c - 1. Let w(p) = 5*t(p) + 4*y(p). Let v be w(r). Calculate the greatest common divisor of 17 and v.
17
Let q be -3 - -1 - (-742)/2. Suppose 2*c - 3*c = 2*h - 187, -c = 4*h - q. What is the greatest common divisor of 13 and h?
13
Let x be 7 - 1/(0 - -1). Suppose -3*t + 90 = -x. Let o = 107 - t. Calculate the greatest common divisor of o and 15.
15
Suppose -52 = -3*d - 4*r, 4*d - 12*r = -10*r + 40. What is the highest common factor of d and 3?
3
Let g be 1 - ((-390)/4 - (-1)/(-2)). Calculate the greatest common divisor of g and 9.
9
Suppose -5*x - 5*c = -6*c - 172, -4*c = -4*x + 144. Let b = 217 + 38. Suppose 2*a + b = 5*a. Calculate the highest common divisor of x and a.
17
Suppose -4*i - 4*w = -220, 2*i - 2*w + 170 = 5*i. What is the highest common divisor of 5 and i?
5
Suppose -624 = 2*a - 8*a. Let u be ((-3)/((-3)/26))/2. Calculate the highest common factor of u and a.
13
Let u(g) be the third derivative of -g**4/8 - g**3/2 - 4*g**2. Let q be u(-9). What is the greatest common divisor of q and 8?
8
Suppose 4*t = 12, q - 2*t + 2 = 2*q. Let p be 1 - (-2 - q)/(-1). Suppose 2*j = p - 1. What is the greatest common divisor of 2 and j?
1
Suppose -2*x = 1 - 21. What is the highest common divisor of 25 and x?
5
Suppose -5*m = 19 + 1, 0 = 4*x + 3*m - 48. Let u be 3/((4*-1)/(-4)). Suppose